e ten millions digit of 26303735?
2
What is the ten millions digit of 58634642?
5
What is the hundred thousands digit of 58079456?
0
What is the millions digit of 1930104?
1
What is the hundreds digit of 1894477992?
9
What is the thousands digit of 2467731?
7
What is the hundreds digit of 2372971904?
9
What is the thousands digit of 53979092?
9
What is the ten thousands digit of 470433566?
3
What is the units digit of 371147927?
7
What is the hundreds digit of 189958532?
5
What is the hundred millions digit of 112965238?
1
What is the units digit of 119950458?
8
What is the ten thousands digit of 627152726?
5
What is the ten thousands digit of 884064150?
6
What is the thousands digit of 71435628?
5
What is the hundred thousands digit of 43633545?
6
What is the ten thousands digit of 7365540288?
4
What is the ten thousands digit of 44203651?
0
What is the hundreds digit of 68143900?
9
What is the hundred thousands digit of 758976538?
9
What is the ten thousands digit of 25761343?
6
What is the thousands digit of 59681986?
1
What is the hundreds digit of 1508606109?
1
What is the thousands digit of 40903931?
3
What is the thousands digit of 556866634?
6
What is the hundred thousands digit of 714362990?
3
What is the thousands digit of 2849254080?
4
What is the thousands digit of 3896052420?
2
What is the hundreds digit of 47334461?
4
What is the ten millions digit of 358567259?
5
What is the ten millions digit of 467774579?
6
What is the hundreds digit of 1128771232?
2
What is the units digit of 71417486?
6
What is the tens digit of 189797337?
3
What is the thousands digit of 14584680?
4
What is the ten thousands digit of 7304073?
0
What is the units digit of 797795122?
2
What is the thousands digit of 13562781?
2
What is the hundred thousands digit of 18976260?
9
What is the ten millions digit of 195679886?
9
What is the millions digit of 3016281?
3
What is the hundreds digit of 68523781?
7
What is the units digit of 196162947?
7
What is the thousands digit of 1002955290?
5
What is the thousands digit of 7581079152?
9
What is the ten millions digit of 102785251?
0
What is the hundred thousands digit of 8396486705?
4
What is the units digit of 7530896?
6
What is the units digit of 328833892?
2
What is the ten thousands digit of 144638412?
3
What is the thousands digit of 629093492?
3
What is the ten millions digit of 83191111?
8
What is the millions digit of 67358687?
7
What is the hundreds digit of 4439266968?
9
What is the ten thousands digit of 56487058?
8
What is the ten thousands digit of 41448120?
4
What is the ten millions digit of 51153966?
5
What is the ten thousands digit of 89414462?
1
What is the hundreds digit of 7923880?
8
What is the hundreds digit of 33541352?
3
What is the hundred thousands digit of 791167022?
1
What is the hundreds digit of 262652693?
6
What is the ten millions digit of 781682566?
8
What is the millions digit of 228112929?
8
What is the thousands digit of 82136551?
6
What is the hundred thousands digit of 5943157?
9
What is the thousands digit of 103531114?
1
What is the hundreds digit of 995721928?
9
What is the hundred thousands digit of 71312584?
3
What is the hundred millions digit of 802541822?
8
What is the hundred millions digit of 971684003?
9
What is the tens digit of 1899115916?
1
What is the thousands digit of 549184238?
4
What is the thousands digit of 1761295?
1
What is the hundred thousands digit of 1553085219?
0
What is the ten thousands digit of 12128476?
2
What is the hundred millions digit of 113475753?
1
What is the ten millions digit of 4527790836?
2
What is the hundred millions digit of 221715972?
2
What is the millions digit of 43409743?
3
What is the millions digit of 186962159?
6
What is the ten thousands digit of 602185614?
8
What is the ten millions digit of 464379484?
6
What is the units digit of 6728320?
0
What is the thousands digit of 26264275?
4
What is the hundred thousands digit of 970008306?
0
What is the ten thousands digit of 2426573951?
7
What is the thousands digit of 240649977?
9
What is the hundred thousands digit of 2969347471?
3
What is the thousands digit of 100628706?
8
What is the thousands digit of 756420761?
0
What is the millions digit of 92468462?
2
What is the millions digit of 63242669?
3
What is the units digit of 5556091366?
6
What is the thousands digit of 27707115?
7
What is the hundred millions digit of 248703799?
2
What is the ten thousands digit of 234337608?
3
What is the thousands digit of 1034930381?
0
What is the hundred thousands digit of 36359843?
3
What is the thousands digit of 88529683?
9
What is the tens digit of 204864981?
8
What is the millions digit of 46950589?
6
What is the millions digit of 805825714?
5
What is the thousands digit of 51842806?
2
What is the billions digit of 1304264038?
1
What is the hundreds digit of 49588938?
9
What is the tens digit of 28305154?
5
What is the tens digit of 420454577?
7
What is the tens digit of 2956482151?
5
What is the millions digit of 28155800?
8
What is the tens digit of 16551637?
3
What is the hundred thousands digit of 11222516?
2
What is the ten thousands digit of 27330473?
3
What is the hundreds digit of 65406139?
1
What is the ten thousands digit of 929252699?
5
What is the hundreds digit of 38257060?
0
What is the millions digit of 496537687?
6
What is the hundreds digit of 1042173102?
1
What is the hundreds digit of 39426935?
9
What is the hundred thousands digit of 5901959971?
9
What is the hundreds digit of 166096010?
0
What is the thousands digit of 2728620553?
0
What is the units digit of 186470236?
6
What is the millions digit of 798038115?
8
What is the hundred millions digit of 120097845?
1
What is the tens digit of 74023294?
9
What is the hundred thousands digit of 161086350?
0
What is the units digit of 869572698?
8
What is the ten millions digit of 105398502?
0
What is the hundred thousands digit of 658216067?
2
What is the tens digit of 38585578?
7
What is the thousands digit of 204177621?
7
What is the units digit of 140298772?
2
What is the ten millions digit of 1739574301?
3
What is the units digit of 4648347184?
4
What is the thousands digit of 210041878?
1
What is the hundred thousands digit of 61141096?
1
What is the hundred millions digit of 262806317?
2
What is the billions digit of 1207130077?
1
What is the hundred millions digit of 117333588?
1
What is the ten millions digit of 37754069?
3
What is the billions digit of 2310362443?
2
What is the thousands digit of 141346773?
6
What is the hundred thousands digit of 41547448?
5
What is the tens digit of 2767223111?
1
What is the hundred thousands digit of 2389907748?
9
What is the hundreds digit of 652661543?
5
What is the hundreds digit of 605821138?
1
What is the millions digit of 18116244?
8
What is the ten thousands digit of 26656572?
5
What is the units digit of 1122657844?
4
What is the millions digit of 135465192?
5
What is the billions digit of 1249502309?
1
What is the hundreds digit of 1904072366?
3
What is the ten thousands digit of 575465057?
6
What is the hundred millions digit of 4835674726?
8
What is the ten thousands digit of 42344370?
4
What is the hundred thousands digit of 177657146?
6
What is the millions digit of 164066555?
4
What is the tens digit of 571174622?
2
What is the hundreds digit of 20204451?
4
What is the units digit of 1374743714?
4
What is the millions digit of 1780682114?
0
What is the hundred thousands digit of 484937666?
9
What is the hundred thousands digit of 188135159?
1
What is the thousands digit of 552281377?
1
What is the thousands digit of 3391457354?
7
What is the hundred millions digit of 169287687?
1
What is the ten thousands digit of 1374820617?
2
What is the thousands digit of 209674777?
4
What is the hundred millions digit of 4010326116?
0
What is the units digit of 4852756851?
1
What is the millions digit of 544950898?
4
What is the thousands digit of 150212538?
2
What is the thousands digit of 185263644?
3
What is the hundred thousands digit of 722426770?
4
What is the hundred thousands digit of 1104200106?
2
What is the millions digit of 4656234933?
6
What is the tens digit of 53050925?
2
What is the millions digit of 54738901?
4
What is the ten millions digit of 